1 - (4 - ((-5 - -4) + 1))
-3
What is the value of -2 + 26 + -6 + 5 + 68 + -69?
22
-7 + 0 + -10 + 4 + 1
-12
Calculate -3 + 23 + -22 - -20.
18
What is (-16 - -22) + (1 - 5 - 26)?
-24
Evaluate 1 + -7 + 14 + 11 + -8.
11
What is the value of 37 + -31 + 13 + 1?
20
-6 - (22 + -7 + -10)
-11
What is the value of -29 - (3 + 2 - 8) - (3 - 4)?
-25
What is the value of 1 + -1 + (-4 - -33 - (36 + -4))?
-3
Evaluate 50 + -38 + (3 - 6).
9
Calculate 8 - 3 - 3 - -1.
3
368 - 380 - (-22 + 0)
10
What is 2 - 40 - (11 - (1 + 5) - 14)?
-29
32 - (23 + -12) - 21
0
Evaluate 17 - 1 - 0 - ((143 - 235) + 87).
21
Calculate (-14 - 6 - 0) + -5 + 14.
-11
What is -8 - (4 + -5) - -4?
-3
Calculate -263 - -276 - (-1 + 5).
9
What is 8 - (12 + -5 + 11)?
-10
Evaluate -14 + (22 - 10) - (7 + 0).
-9
What is the value of 0 + (5 + 1 - 0) + 109 + -111?
4
What is 2 - (-18 + -18 + 29)?
9
(-1 - -23 - 23) + 7
6
What is the value of (-1 - -9) + 534 + -540 + -35?
-33
Calculate -6 + -15 + 14 + 6.
-1
Calculate 0 - (31 + -31 + 18).
-18
35 + -12 + -16 - 22
-15
Calculate 12 + (2 - 0) + -9.
5
What is 0 + (-11 - 1) - (-825 + 782)?
31
16 - -22 - 25 - 10
3
Evaluate -1 - (2 + -1 - (-49 - -33)).
-18
What is the value of -14 + 4 + (7 + (1 - 4) - 6)?
-12
Calculate 29 - (-8 - (15 + -28)).
24
1 + (23 - 33) + 18 + -5 + -5
-1
(-13 + 20 - (-5 - -7)) + -25 + 1
-19
What is (8 - 0 - 1) + -15?
-8
What is (7 - 7) + 2 + -24 + 8?
-14
Evaluate -22 + (45 + -19 - 15).
-11
Evaluate 10 + -7 - 2 - 6.
-5
Evaluate -5 - (-16 + -7 - -12).
6
Evaluate (3 + -2 - -40) + (96 - 111).
26
What is the value of 7 + -1 + 0 + -49 + (55 - -15)?
27
6 - ((18 - (12 - 10)) + -6)
-4
Evaluate 1 - (7 + -13 + 5 + 1) - 11.
-10
Evaluate 12 + -3 + 49 + (-99 - -37).
-4
Calculate 17 + (-4 - -3) + -27.
-11
What is the value of 8 - (9 + 2) - (4 + -2 + -4)?
-1
What is 8 - (-2 + -1 + (-6 - 4))?
21
What is the value of 11 + (1 - 10) + (-13 - -17)?
6
-2 + 7 + (-3 - -1) + 8
11
What is the value of (1 - -1) + 1 + 5 + 4 + -12?
0
50 + -63 - (3 - (16 + -9))
-9
Evaluate (-8 - -9) + 3 + -4 + -4.
-4
What is 2 - (-2 + 22 - (96 - 100))?
-22
Calculate (-2 - 5) + (-7 - -8) + 2.
-4
Calculate (14 - 43 - -22) + (1 - (2 + -21)).
13
Evaluate (28 - (25 + 7)) + 18.
14
-3 + (12 - 3 - 9) + 5 + 2
4
What is -39 + 1 + 0 + -18 + 40 + -20?
-36
Evaluate -10 - (-12 - -2) - (20 + (3 - 1)).
-22
What is the value of (13 + -7 - 6 - 8) + -2?
-10
Calculate -26 - -20 - (-6 + -2 + 2 + 14).
-14
Evaluate (-34 - -30) + 27 + (6 - 1).
28
Calculate (1 + 4 - (-14 + 24)) + 20.
15
Evaluate -7 + (-31 - -44) + -6 + 0.
0
Evaluate -9 + (48 + -18 - 26).
-5
What is the value of 8 - ((10 - (4 - 2)) + 1 + -16)?
15
-22 + 27 + (6 - 0)
11
What is -7 + -4 - (-8 + 7 + 0)?
-10
Evaluate 134 + -89 - (-2 + 24).
23
What is the value of (5 - -2) + -65 + 55 + 1 + 11?
9
What is the value of 8 - (3 + (-7 - -3) + 17 + -16)?
8
What is the value of 39 - ((51 - 39) + 14)?
13
Calculate (-3 - 13 - 5) + 7.
-14
Calculate -57 + 46 - (-1 + 0).
-10
Calculate 7 + 7 + -21 + 37 + -51.
-21
What is the value of 0 - (-26 - -15) - 2?
9
What is (8 - 2) + (-10 + -4 - (5 + -3))?
-10
2 + 12 + -26 - -10 - 14
-16
Evaluate -1 + (-29 - 7) - -24.
-13
Calculate (-15 - -25) + -6 + 3.
7
Calculate (-1 + -2 + (20 - 13) - -1) + 3.
8
Evaluate -3 + 1 + (10 - 1 - 10).
-3
What is the value of 7 + (-8 - 4) + (9 - (7 - 3))?
0
What is 38 + (2 - -20 - 33)?
27
What is the value of 27 + -51 + -20 - -21?
-23
-4 + -2 + 10 + (5 + 4 - -15)
28
8 - (1 + (-9 - (-1 + 5 - 11)))
9
What is the value of -2 + 4 + 1 + 14 + -2?
15
What is the value of (61 + -8 - 28) + -5?
20
Calculate (-145 - -131) + -3 + -1.
-18
What is 25 + -1 + (-3 - 4) + -5?
12
Evaluate 4 + 9 + -6 - (0 - (-2 + -4)).
1
Calculate 10 + (-7 - (-2 + 2)) + -2 + 12.
13
Calculate -5 + 19 + 2 - (2 - 3).
17
Calculate 0 + -13 + 0 + 26 + -488 + 466.
-9
Evaluate 15 + (1 + -10 - 16).
-10
Evaluate 2 + 2 + 5 + 40 + -63.
-14
Calculate 4 + 2 + (8 - 3) - (0 - 11).
22
-3 + -9 + (25 + -16 - 15)
-18
What is (-2 - 0) + 12 - (16 - 16)?
10
What is the value of 15 + -11 + 5 + (29 - 12)?
26
-26 + 8 + 19 + 2 + -13
-10
(3 - 7) + (8 - 1) + (15 - 20)
-2
Calculate -5 + -22 + 5 + 5.
-17
What is the value of (-1192 - -1165) + 27 + 1?
1
What is the value of -1 + 36 + (1658 - 1665)?
28
Evaluate -19 - (-18 - 7 - -9).
-3
Calculate 4 - (29 + (-11 - (-2 - 2))).
-18
Evaluate -16 + -1 + (23 - (18 - -1)).
-13
What is -14 + 2 + 6 + 8?
2
What is the value of 16 + -8 + -4 + 6 - (26 - -3)?
-19
What is the value of 7 + -18 + (1 - 5 - (-2 + -1))?
-12
What is (6 - -5) + -27 - -31?
15
-2 + 3 - 18 - (58 - 64)
-11
Evaluate (-5 - (6 + (-5 - -3) - -2)) + 5.
-6
Calculate (-32 - -15) + -2 + 43.
24
Calculate 5 + -25 - (-11 + -4 + 5).
-10
Evaluate 9 + -12 + (-9 - -8) + 2 + -3.
-5
Evaluate -2 + -6 - (34 + -40).
-2
(-1 - (0 + 25)) + (2 - -3)
-21
Evaluate 8 - 11 - -19 - (-1 - 0) - 6.
11
Evaluate -1316 + 1313 - (-1 - 1).
-1
What is -2 - 6 - (3 - (-4 - -13))?
-2
Calculate -8 - (-2 + 2 - (60 + -54)).
-2
What is the value of 1 + (-6 - -1) + (10 + -6 - -7)?
7
What is the value of -22 + (8 + 1 - (13 + (-6 - 4)))?
-16
What is (0 - (-2 - 3)) + (-1 - 5)?
-1
-5 + 1 + (13 - 33)
-24
What is 23 - 22 - (31 + -11)?
-19
Evaluate (23 - 0 - 8) + -7 + 0.
8
What is the value of (-4 - (-12 + -5)) + (5 - (3 - -6))?
9
Calculate -19 - (-40 + (32 - 10)).
-1
Evaluate -247 - -229 - (0 - -5).
-23
-15 + 9 - (14 - (15 - 7 - 3))
-15
What is 55 + -35 - (8 + -2)?
14
What is the value of 44 + (4 - 37) + -14 + -5?
-8
-1 + -9 + (15 - -5)
10
What is the value of -15 + 10 - -1 - (7 + -4)?
-7
Calculate -14 - (-14 + -19 + 7).
12
What is the value of 20 + 11 + -16 + 5 + -4?
16
What is the value of (4 - 12) + (7 - -6) - 8?
-3
21 + (44 - 26 - 31)
8
Calculate -7 + (-12 - (12 - 17 - 17)).
3
What is the value of 10 - (1 + (-1 - 9))?
19
-19 - (-14 - 0) - -11
6
What is the value of -5 - (6 - (7 + 5 + -6 + 2))?
-3
Evaluate 0 + -1 - ((-2 - -19) + (-5 - 4)).
-9
Calculate -8 + 16 - ((-16 - -10) + 13).
1
24 - (-12 - (-41 - -15))
10
What is -4 - (-7 + -2) - 3?
2
What is the value of 34 - 9 - (5 - -20)?
0
7 - (-1 + -12 - -32)
-12
Evaluate 1 - (-6 + 12 - 13 - -9) - 14.
-15
-13 - ((-11 - -5) + 8 + -10) - -12
7
3 - -3 - (147 - 133)
-8
(122 - 136) + -2 + 2 + 2 - -8
-4
Evaluate (-12 + 2 - -23) + -2 + -1 + 2.
12
Evaluate (6 + 13 - 10) + -14 + -2 + 16.
9
What is (-9 + -3 - 2) + 10 + 2 + -9?
-11
What is 43 - ((18 - 20) + 23)?
22
Evaluate -22 + 32 + (-2 - 3) + -2.
3
Evaluate 24 + -32 + -3 + (4 - 13) + 4.
-16
What is (-4 + 4 - 11) + (-1 - -3) + 4?
-5
What is the value of (-9 - -10) + -13 + 10 - 0?
-2
What is the value of (-23 - 12) + 13 + 31?
9
What is -2 + (0 - 12) + (-82 - -24) + 64?
-8
What is -10 + -4 + (-46 - (-54 + 25))?
-31
Calculate 0 + 63 + -33 + (-2 - 16).
12
What is the value of -407 - -391 - (0 + -9)?
-7
-13 - (-17 + (23 - 37))
18
What is 2 + (-6 - -3) + -14?
-15
130 - 128 - (-16 + 15 + -2 + 0)
5
Calculate -35 - (-26 - 14) - (0 + 23).
-18
2912 + -2916 + (1 - 1 - -18)
14
What is 4 + (-3 - (4 + 8) - -7)?
-4
Calculate 17 - (8 + (9 - 6)).
6
What is -53 + 90 - (-4 + 58)?
-17
Calculate 260 + -274 + (-1 - -20).
5
Calculate 5 + 0 - (-293 + 285).
13
What is (-449 - -449) + -18 + -3?
-21
Evaluate (46 - 38) + (-11 - 2) - -5.
0
25 - (1 + 1 + -5) - (200 - 196)
24
Calculate -5 + 3 + (2 - 7) + 676 + -681.
-12
What is the value of 31 - -5 - 54 - 5?
-23
Evaluate 299 + -301 + (-5 + -1 - 1).
-9
-5 - (3 + -3 + 1) - (47 - 66)
13
Calculate -27 - (11 - -3) - -29.
-12
Evaluate (-1 - -1) + (2 + (-6 - -11) - 17).
-10
What is the value of 0 - -21 - ((-20 - -47 - 6) + -30)?
30
Evaluate -7 - (11 + 10 - -4).
-32
Calculate (-2 + -12 - 1 - -6) + 4 + -14.
-19
What is the value of (0 - 1) + (-30 - -20) + 4?
-7
Evaluate 25 + -1 - (-334 - -360).
-2
Evaluate 8 + (1 - 1 - 3) - (82 + -109).
32
What is the value of 0 - (-8 - 2) - 15?
-5
Calculate (6 - -1) + 19 + -19 + -26.
-19
Evaluate -2 - ((4 - -6) + -16) - (1 + 1).
2
Calculate 3 + 2 + -20 + 4 + 8 + -5.
-8
What is (22 - 25) + 2 - -7?
6
What is 2 - -10 - (11 - (8 - 5))?
4
13 + -10 - -15 - (-3 + 27)
-6
What is the value of (-5 - -4 - 4) + -12 + 10 + -2?
-9
Calculate 111 - 84 - (-11 - 0).
38
(-2 - 4) + 2 - ((-5 - 1) + -5)
7
Evaluate 15 + (-23 - -19) - (1 - 1).
11
What is 9 + -12 + -6 + 8 + 1?
0
Calculate -25 + 42 + (-1 + 1 - 17).
0
Calculate 6 + 1 + (0 - 6) + -3.
-2
What is 6 + -20 + 19 - -7?
12
-35 + 41 - (2 - 